actors of 266339337.
3, 11, 8070889
List the prime factors of 4487119105.
5, 7, 23, 29, 73, 2633
What are the prime factors of 2022563496?
2, 3, 113, 131, 5693
List the prime factors of 281983959.
3, 19, 229, 379
What are the prime factors of 6363288434?
2, 3181644217
List the prime factors of 143734447.
8627, 16661
What are the prime factors of 81868918?
2, 307, 133337
What are the prime factors of 9013798813?
15641, 576293
List the prime factors of 46860487.
46860487
List the prime factors of 371825914.
2, 11903, 15619
What are the prime factors of 47243721?
3, 7, 31, 2341
What are the prime factors of 204791704?
2, 13, 31, 63521
List the prime factors of 111966785.
5, 7, 3199051
List the prime factors of 166708870.
2, 5, 41, 281, 1447
What are the prime factors of 162323779?
3391, 47869
What are the prime factors of 2707240583?
53, 51080011
What are the prime factors of 1335296850?
2, 3, 5, 59, 150881
What are the prime factors of 2878198311?
3, 17, 23, 2453707
What are the prime factors of 598458944?
2, 9350921
List the prime factors of 21342575.
5, 853703
What are the prime factors of 174957530?
2, 5, 11, 144593
What are the prime factors of 4191597354?
2, 3, 7, 99799937
What are the prime factors of 231489020?
2, 5, 7, 23, 29, 37, 67
List the prime factors of 3287235254.
2, 211, 7789657
List the prime factors of 5977969611.
3, 1992656537
What are the prime factors of 3044054800?
2, 5, 211, 36067
List the prime factors of 540657571.
540657571
List the prime factors of 7343880451.
1021, 2579, 2789
List the prime factors of 53040515.
5, 11, 964373
List the prime factors of 322315680.
2, 3, 5, 31, 21661
What are the prime factors of 4560335784?
2, 3, 63337997
List the prime factors of 145890316.
2, 11, 13, 255053
What are the prime factors of 70827140?
2, 5, 59, 193, 311
List the prime factors of 94958506.
2, 3511, 13523
List the prime factors of 48021492.
2, 3, 4001791
What are the prime factors of 1583386383?
3, 463, 467, 2441
List the prime factors of 451082706.
2, 3, 75180451
What are the prime factors of 462270913?
13, 673, 52837
What are the prime factors of 30595738?
2, 19, 103, 7817
List the prime factors of 1112152643.
7, 158878949
What are the prime factors of 3597300030?
2, 3, 5, 10831, 11071
What are the prime factors of 3878231730?
2, 3, 5, 1493, 86587
List the prime factors of 5883589634.
2, 13, 31, 1523, 4793
List the prime factors of 228784498.
2, 67, 1707347
What are the prime factors of 178733974?
2, 8297, 10771
What are the prime factors of 2943885759?
3, 23, 3929, 10859
What are the prime factors of 4378002202?
2, 7, 10771, 29033
What are the prime factors of 183952846?
2, 7, 11, 73, 16363
List the prime factors of 159212530.
2, 5, 53, 71, 4231
What are the prime factors of 360736507?
360736507
List the prime factors of 6595513580.
2, 5, 23, 877, 16349
What are the prime factors of 1452545209?
1452545209
What are the prime factors of 3288855749?
19, 167, 1036513
What are the prime factors of 44294271?
3, 7, 661, 3191
What are the prime factors of 66834710?
2, 5, 6683471
What are the prime factors of 1759824155?
5, 37, 2243, 4241
List the prime factors of 1686651304.
2, 13, 16217801
List the prime factors of 1468798902.
2, 3, 29, 43, 65437
List the prime factors of 14714642.
2, 7357321
List the prime factors of 116828896.
2, 17, 214759
List the prime factors of 654998839.
11, 59545349
What are the prime factors of 2219172431?
7, 19, 16685507
What are the prime factors of 59890675?
5, 13, 184279
List the prime factors of 1385709621.
3, 113, 4087639
What are the prime factors of 70680174?
2, 3, 11780029
What are the prime factors of 107633205?
3, 5, 17, 193
List the prime factors of 2885231590.
2, 5, 3677, 78467
List the prime factors of 22825410.
2, 3, 5, 760847
What are the prime factors of 6425658779?
73, 139, 633257
What are the prime factors of 143845892?
2, 229, 157037
What are the prime factors of 2128452?
2, 3, 83, 2137
List the prime factors of 24684382.
2, 19, 23, 61, 463
List the prime factors of 1676688296.
2, 151, 1387987
What are the prime factors of 62694668?
2, 15673667
What are the prime factors of 4714455456?
2, 3, 16369637
What are the prime factors of 200849427?
3, 1973, 11311
List the prime factors of 4055370225.
3, 5, 307, 176129
List the prime factors of 677686166.
2, 338843083
What are the prime factors of 1350704373?
3, 450234791
List the prime factors of 265547645.
5, 11, 4828139
List the prime factors of 790924693.
13, 60840361
What are the prime factors of 630865526?
2, 315432763
List the prime factors of 128940297.
3, 42980099
What are the prime factors of 3209607961?
7, 41, 1483, 7541
What are the prime factors of 68899416?
2, 3, 43, 66763
What are the prime factors of 364042766?
2, 181, 1005643
List the prime factors of 3187157642.
2, 6827, 233423
What are the prime factors of 6261400459?
69959, 89501
List the prime factors of 5355992181.
3, 1785330727
List the prime factors of 539441593.
539441593
List the prime factors of 515796420.
2, 3, 5, 19, 452453
What are the prime factors of 717664585?
5, 11, 467, 27941
What are the prime factors of 83796043?
17, 73, 67523
What are the prime factors of 66563795?
5, 2963, 4493
List the prime factors of 397292815.
5, 1019, 77977
What are the prime factors of 34406507?
34406507
List the prime factors of 233575074.
2, 3, 23, 564191
List the prime factors of 124563247.
124563247
List the prime factors of 497283297.
3, 7, 101, 234457
List the prime factors of 2033891726.
2, 1016945863
What are the prime factors of 21424152?
2, 3, 179, 4987
List the prime factors of 214757331.
3, 71585777
What are the prime factors of 2593072416?
2, 3, 11, 2455561
List the prime factors of 2233298159.
2233298159
What are the prime factors of 46546646?
2, 17, 1369019
List the prime factors of 89156602.
2, 17, 23, 4957
What are the prime factors of 3617610512?
2, 241, 941, 997
List the prime factors of 2501574640.
2, 5, 31269683
List the prime factors of 43558382.
2, 7, 3111313
What are the prime factors of 617327641?
7, 88189663
What are the prime factors of 66564303?
3, 13, 1706777
What are the prime factors of 109811847?
3, 1721, 21269
List the prime factors of 818941091.
37, 22133543
List the prime factors of 13059257.
13059257
What are the prime factors of 951229154?
2, 199, 2390023
What are the prime factors of 1114820259?
3, 7, 1987, 26717
List the prime factors of 523122263.
523122263
List the prime factors of 225732664.
2, 17, 139, 11941
List the prime factors of 1433448794.
2, 9689, 73973
List the prime factors of 195887499.
3, 191, 341863
What are the prime factors of 410227255?
5, 17, 89, 211, 257
What are the prime factors of 576372868?
2, 144093217
List the prime factors of 42570281.
13, 3274637
What are the prime factors of 26691654?
2, 3, 11, 404419
What are the prime factors of 78832010?
2, 5, 71, 111031
What are the prime factors of 250017552?
2, 3, 1736233
What are the prime factors of 20258191?
20258191
List the prime factors of 14912258.
2, 37, 201517
List the prime factors of 311175634.
2, 7, 11, 2020621
What are the prime factors of 169211026?
2, 84605513
List the prime factors of 72008671.
7, 10286953
List the prime factors of 2782006534.
2, 1391003267
List the prime factors of 72881514.
2, 3, 4048973
What are the prime factors of 107639758?
2, 241, 223319
List the prime factors of 53178100.
2, 5, 43, 83, 149
What are the prime factors of 357547734?
2, 3, 19863763
List the prime factors of 3759859.
47, 79997
What are the prime factors of 1781230136?
2, 7, 31807681
List the prime factors of 75514452.
2, 3, 13, 484067
List the prime factors of 255585781.
11, 23235071
List the prime factors of 58598066.
2, 23, 67, 19013
What are the prime factors of 269912775?
3, 5, 11, 47, 6961
What are the prime factors of 2713661098?
2, 17027, 79687
List the prime factors of 119395410.
2, 3, 5, 563, 7069
What are the prime factors of 38764923?
3, 107, 120763
What are the prime factors of 9764620?
2, 5, 488231
What are the prime factors of 1996967374?
2, 19, 52551773
What are the prime factors of 6102512740?
2, 5, 181, 1685777
List the prime factors of 10301090.
2, 5, 29, 35521
List the prime factors of 145295999.
67, 317, 6841
List the prime factors of 101094229.
10